e the highest common divisor of c and j.
12
Suppose -4*a + 3*u = a - 426, 3*a + 4*u - 244 = 0. What is the highest common divisor of 308 and a?
28
Let x = -12 + 101. Suppose -x*r + 94*r - 10 = 0. Let k = 5 + -3. Calculate the highest common factor of k and r.
2
Let a = 1452 - 1340. What is the highest common divisor of a and 48?
16
Let y be 47 - (-5)/(15/(-6)). Let n = 807 - 537. Suppose -2*k = 7*k - n. What is the greatest common divisor of k and y?
15
Let v(c) = c**2 - 16*c + 23. Let f be v(12). Let o(m) = -m**2 - 28*m - 35. Let k be o(f). Calculate the greatest common divisor of k and 100.
20
Suppose 184*x - 86 = 182*x. Suppose -12*z + x*z = 620. Calculate the greatest common divisor of 5 and z.
5
Suppose 3*k = -4*g - 103, 2*g + k = 3*k - 34. Let n(d) = -d**2 - 23*d + 42. Let f be n(g). Calculate the greatest common divisor of 704 and f.
64
Let g(t) = -t**2 + 3*t + 16. Let y be g(5). Suppose -392 = -10*j + y*j. Suppose 8 = -3*c + j. What is the highest common factor of 18 and c?
6
Let l(f) = f**2 - 15*f + 30. Let n be l(14). Let w(b) = 53*b + 213. Let k be w(-4). Calculate the highest common factor of k and n.
1
Let a(m) = 32*m**3 + 1192*m**2 + 11*m + 81. Let r be a(-37). What is the greatest common divisor of r and 690?
138
Suppose 59 = -7*h + 199. Suppose -h*l + 23*l = 171. Calculate the greatest common divisor of l and 19.
19
Let b = 14255 + -14240. What is the highest common divisor of b and 219?
3
Suppose 48*h + 15586 - 45778 = 0. What is the highest common factor of h and 148?
37
Let x(r) = -r**3 + 49*r**2 - 27*r - 9. Let j be x(17). What is the highest common factor of j and 20?
20
Let z(n) = -n**2 + 41*n - 193. Let i be z(10). What is the highest common divisor of i and 39?
39
Suppose -b + 866 - 33 = 6*b. What is the highest common factor of b and 204?
17
Let c(l) = -l + 78. Let u be c(-18). Let b = 110 - 98. Calculate the highest common divisor of u and b.
12
Suppose -184996 = -6*z - 26*z - 29476. What is the greatest common factor of 9 and z?
9
Let w = 34731 - 33816. Calculate the highest common divisor of w and 795.
15
Suppose 770 = 19*n - 1281 + 284. What is the highest common divisor of 30 and n?
3
Suppose 0 = -4*l - 5*o + 12718, -2*o - 3104 = -5*l + 12744. Calculate the highest common factor of l and 156.
52
Let v be (5 + 7)/(3/(-88)*-2). Suppose 0 = -0*p - 11*p + 242. What is the greatest common factor of v and p?
22
Let u(y) = 471*y**2 - 234*y**2 + 82 - 10 - 236*y**2 - 20*y. Let m be u(16). What is the greatest common factor of 512 and m?
8
Let b(l) = 3285*l - 121. Let s be b(1). What is the greatest common factor of s and 84?
28
Let h = 4779 + -4707. Calculate the greatest common factor of 3384 and h.
72
Suppose 0*r = -8*r + 8. Suppose -58*u + 13*u + 3645 = 0. What is the greatest common factor of u and r?
1
Suppose -2*d = 2*i - 2260, -3*d + 3*i + 5004 = 1608. Suppose -5*j - 86 = -d. Calculate the highest common factor of 19 and j.
19
Let o = -36034 + 36276. Let j(a) = a**2 - a + 22. Let g be j(0). What is the greatest common divisor of o and g?
22
Let r = -494 - -554. Let p be (r/80)/(3/172). What is the greatest common factor of 817 and p?
43
Suppose 5*y + 95 = -60*y + 2045. What is the highest common divisor of 12330 and y?
30
Suppose -3*m + 8 = -4. Suppose 2*w - 1054 = m*t, 0 = 4*t - 1 - 11. Calculate the greatest common factor of w and 41.
41
Let y be (-18328)/3480*(-1 + 4)*-135. What is the greatest common factor of 3318 and y?
237
Let u(c) = 66*c + 38. Let f be u(5). Suppose 28*a = 29*a - 46. Calculate the greatest common divisor of f and a.
46
Let i be 1*-3 + (26 - 0). Let t be 16 - i - 5*-5. Let x(s) = s**3 + 8*s**2 + 5. Let q be x(-7). What is the greatest common divisor of q and t?
18
Let c be -1*((-406)/(0 - -1) - -3). Suppose 0 = -4*f - 5*y + 4 + 125, -3*y = 3*f - 96. What is the highest common divisor of f and c?
31
Suppose 4*v + 185 = 201, -4*v = -3*c + 1028. Calculate the highest common divisor of c and 282.
6
Let n be (7 + -6 + 2)*9 + -7. What is the greatest common factor of n and 2470?
10
Let r = 553 - 551. Suppose -4*m + 8 = -r*g + g, -3*m - 2*g + 6 = 0. Calculate the highest common factor of 29 and m.
1
Let n = 7 - -5. Let o be 1*9*230/138 + 3. What is the greatest common factor of o and n?
6
Suppose 0*c - 8896 = -8*c. Suppose -c = f - 3282. Let u be 3/(135/f) - 4/18. What is the greatest common divisor of 24 and u?
24
Let v = -116 - -121. Suppose v*j + 20 = -5*j. Let t be (-579)/(-6) - (-1)/j. Calculate the highest common factor of 24 and t.
24
Let g(a) = 20*a**2 + 1075*a - 269. Let y be g(-61). Calculate the greatest common divisor of y and 402.
134
Let x be (808/(-20))/((-80)/400). Calculate the highest common factor of 2525 and x.
101
Let r = 30 + 15. Let j = r + 5. Let n = 95 - j. What is the highest common divisor of 5 and n?
5
Suppose 42*l = -60*l + 1122. What is the greatest common divisor of 2893 and l?
11
Let d(k) = k - 18. Let g be d(8). Let s = -9 - g. Let i be s*414/14 + (-144)/(-336). Calculate the greatest common divisor of 15 and i.
15
Let k(c) = -1 + 16111*c + 115 - 16117*c. Let l be k(0). Calculate the greatest common factor of 6 and l.
6
Suppose -156*t + 2*t = 669 - 2671. What is the highest common divisor of 7891 and t?
13
Let n(j) = 333*j**2 + 79*j - 9. Let x be n(-5). Calculate the greatest common factor of x and 89.
89
Let v(u) = -u**3 - 2*u**2 - 138*u + 1200. Let m be v(0). What is the greatest common factor of m and 360?
120
Suppose -3*o = -2*o - 24. Let s = -829 - -1174. Suppose 3*i + s = 5*x, -i = 5*x - 64 - 301. Calculate the greatest common divisor of o and x.
24
Suppose 23465 = 16*j - 3*j. What is the highest common factor of 5 and j?
5
Suppose 0 = -63*t + 16088 + 652216. Calculate the highest common divisor of 306 and t.
102
Suppose 0 = 12*w - 178 - 98. Calculate the highest common divisor of w and 5842.
23
Let i(x) be the second derivative of -x**5/4 + x**4/12 - 2*x + 22. Let y be i(-1). What is the greatest common factor of y and 30?
6
Suppose 92*b = 84*b + 2296. Calculate the highest common divisor of 7 and b.
7
Suppose 3*o - 2*c = 2371, -3*c - 10 = 2*c. Let f be o/12 + (-2)/(-8). Let z = -41 + f. Calculate the greatest common factor of 25 and z.
25
Suppose -6*o - 945 = -15*o. Let k be (4/5)/(0 + 3/o). Suppose -3*c = -9 - 6, 0 = -3*x - 3*c + 27. Calculate the greatest common factor of k and x.
4
Let k(q) = -q**3 + 26*q**2 - q + 122. Suppose 127 = 5*z - j, 6*z - j + 81 = 9*z. Let h be k(z). Let b = -8 + 20. What is the greatest common divisor of b and h?
12
Let u(l) = -3*l**3 - 19*l**2 - 18*l + 68. Let j be u(-13). Calculate the highest common divisor of 14 and j.
14
Let v be (-2)/(-4)*(12 + -2). Suppose -136*j + 67 + 235 - 3 = -245. Calculate the highest common factor of j and v.
1
Let s = 460 + -445. Let g be s/(-50) - 3941/(-70). Let q(h) = h**3 - 7*h**2 + 7*h + 1. Let v be q(6). What is the highest common factor of v and g?
7
Let q = -2 + 4. Suppose 2*t - 4*f = -q*f + 32, -4 = 4*f. Suppose k = -3*h + 53, 0*h + h = -3*k + t. Calculate the greatest common divisor of h and 144.
18
Let c = 5335 - 3577. What is the greatest common divisor of c and 18?
6
Let d(b) = 165*b - 640. Let x be d(6). What is the greatest common divisor of x and 182?
14
Let w = -1844 - -2218. Calculate the highest common divisor of 704 and w.
22
Suppose -20*x + 361 = 10*x - 11*x. What is the greatest common divisor of 146 and x?
1
Let f = 4139 + -4102. What is the greatest common divisor of 17 and f?
1
Suppose -a + 72 = -n, 5*a + 5*n - 377 + 17 = 0. Calculate the greatest common divisor of 4428 and a.
36
Let i = -34 - -34. Let s be (i/(-1 - -5))/1. Suppose s = 5*q + a - 75, 0 = 5*q - 2*q + a - 47. What is the greatest common divisor of q and 28?
14
Let k = -4714 + 4766. What is the highest common divisor of 1196 and k?
52
Let f = 504 - 296. Let n = 5532 - 5508. What is the greatest common factor of n and f?
8
Suppose 5*c + 399 = 2*c + 4*z, 0 = -3*c + 2*z - 399. Let q = c - -167. Let y = -307 + 579. What is the highest common divisor of y and q?
34
Let y(u) = u**3 + 8*u**2 + 7*u + 2. Suppose 5*i - 46 = -16. Suppose -10*b + i*b = 28. Let t be y(b). What is the greatest common factor of t and 6?
2
Let y(d) = 135*d**2 + 3*d - 3. Let j be y(1). Suppose 3*z = a + 42, -60 = -3*z - 27*a + 22*a. Calcul